
11
Evaluate (-35 - -9) + 17 - (-1 - -1).
-9
Evaluate 15 + -10 - (1 + (-2 - -2)).
4
Evaluate -18 + (-7 - -26) + -9.
-8
What is the value of -1 + -5 + 10 - 9?
-5
-12 + 11 + -9 + 2
-8
What is 12 + (2 - 3) + -2 - 4?
5
Calculate -2 - -9 - (-11 - (-17 + 1)).
2
What is 4 - (4 - (0 - 4) - 12)?
8
Calculate -1 + (-15 - (-3 - 8)).
-5
What is (5 - (-1 + 9 - 3)) + -6?
-6
Evaluate (-5 - 8 - 4) + (-3 - -11).
-9
What is 1 + -1 - -1 - (-13 + 14)?
0
What is -5 + -8 + 12 + (2 - 7)?
-6
Evaluate 15 - ((10 - 8) + 10).
3
Evaluate (-3 - (0 - -1)) + (0 - -3).
-1
-4 + (1 - (-1 + -1 - -4))
-5
-3 + -1 + -15 + 14
-5
-8 - (1 - 4 - 1) - -5
1
What is -2 + 1 + (10 - 13)?
-4
((-2 - 8) + 6 - -6) + -4
-2
What is -3 - (-8 + 1 + 5)?
-1
What is -2 - -1 - (-3 - -2)?
0
Evaluate 1 + -1 - (0 - -9 - 6).
-3
(0 - 1) + (7 - 3) + 0
3
Calculate (-3 - 1) + 6 + -7 + 14.
9
Calculate -2 + 1 + 1 - (10 - 5).
-5
Evaluate (5 + -6 - -1) + (0 - 1).
-1
Calculate 2 + -13 + (47 - 42).
-6
What is the value of (27 - 32 - (1 - 2)) + 1?
-3
What is the value of -1 - -1 - (18 - 23)?
5
What is the value of (8 + -2 - 6) + 9?
9
What is 5 - 1 - (7 - 4)?
1
6 - (-2 + (2 - 0 - -4))
2
-9 + (4 - 9) + 8 + -2
-8
What is 5 + -6 + 0 + 6?
5
Calculate (4 - 5) + -3 + 4.
0
Calculate (-1 - -6 - 9) + 2.
-2
Evaluate -10 + 3 + 4 + 3.
0
Calculate 2 + -2 + -2 + 4.
2
Calculate 3 + -9 - -5 - -5.
4
(-3 - 2) + (5 - 0 - 1)
-1
(12 + -9 - -5) + -6
2
What is the value of 10 - (2 + 6 + -2 - 3)?
7
What is the value of 9 + -3 + 0 - (-2 + 1)?
7
What is -14 - (8 - (5 - -10)) - -7?
0
What is the value of -8 + (-9 - -14) + 1?
-2
What is the value of 1 - (-5 - (-3 - 2))?
1
8 - 3 - (-1 + 7)
-1
Calculate -1 + (-2 - 10 - -7) + -3.
-9
What is the value of 2 - 0 - (13 + -14)?
3
8 - (-8 - -7 - -6)
3
What is -3 - (-3 - (-1 + 6))?
5
What is 33 + -31 + (2 - 4 - -1)?
1
Calculate -5 - (6 + -16 + 9).
-4
What is the value of (2 - 8) + (13 - 11)?
-4
What is 37 + -38 - (1 + 1)?
-3
What is the value of (-1 - -2) + -4 - -3?
0
What is 0 - 2 - (-7 - (-7 + -2))?
-4
3 - (0 + (-3 - 0) + 4)
2
Evaluate -8 + (8 - 4) - 0.
-4
Calculate -7 + 0 + -10 + (9 - -1).
-7
What is the value of -14 + -9 + 10 - -15?
2
What is 4 + 0 - 5 - (-2 + -1)?
2
-7 + 1 + (-8 - -5 - -2)
-7
Evaluate 4 - (2 - (-2 + (-4 - -9))).
5
What is the value of 8 - (6 - (2 - -2))?
6
Calculate 0 + 1 + (-1 - (3 - 1)).
-2
Calculate 0 - (2 - (4 - (7 + -3))).
-2
What is 0 + -9 + (0 - -4)?
-5
What is -4 + 1 + (3 - (-3 + 5))?
-2
Evaluate 1 + -4 + (3 - 4).
-4
(-7 - -8) + (3 - 2)
2
Calculate -2 - (3 - (0 - 0)).
-5
What is the value of (12 - (-9 - -12)) + -9?
0
Evaluate -2 + 4 - (0 + 5 + 3).
-6
Calculate -7 - -1 - (6 - 4 - 2).
-6
What is the value of 1 - 9 - (-4 + (-4 - -5))?
-5
Calculate (0 + -1 - (-1 - -3)) + 5.
2
What is 3 - (0 + (-5 - -10))?
-2
(-1 - -7) + -9 - 1
-4
Calculate -5 - (0 - -2) - (-29 + 28).
-6
What is the value of 1 + 0 + (-1 - -1) + 4?
5
What is the value of -11 - (-5 + 3 - 3)?
-6
Calculate -2 - (-10 - (-9 - -5) - -3).
1
Calculate (0 - (3 - 5)) + -8 + 2.
-4
Evaluate 10 + -3 - (3 - 0).
4
Calculate 2 - (1 - 0 - (6 + -4)).
3
-7 + 13 + -2 - 0 - 5
-1
Calculate 3 + -1 + -10 + 4 - 1.
-5
What is 1 + (3 - -2) + -31 + 30?
5
What is 4 + -1 - (-9 - (-10 - -5))?
7
What is the value of 3 - (4 - (6 + -2 + -1))?
2
What is the value of (14 - -3 - 12) + (-2 - 0)?
3
2 + -12 + 25 + -14
1
Calculate (6 - 3 - 3 - -2) + -6.
-4
Calculate (-4 - (6 - 5)) + 8.
3
What is the value of -18 + 31 + (-2 - 4) + 1?
8
What is -1 + 0 + 3 + -2 + 1?
1
Evaluate -38 + 43 - (3 + 6 + 3).
-7
What is (-10 - (8 + -7 - 3)) + 6?
-2
What is the value of -10 + 7 + -7 + (-8 - -12)?
-6
Evaluate 0 - -5 - 0 - 2 - 0.
3
What is (-9 + -2 - -21) + -19?
-9
What is 2 + -4 + 1 + -5 + 8?
2
Calculate -4 - 0 - (-22 - -23).
-5
30 + -29 + -2 + 1
0
(-5 + 4 - -5) + -2 + 1
3
What is -1 + (-2 - (0 + -2) - -2)?
1
What is -6 + (13 - 3) + (0 - -1)?
5
(-18 - -16 - -10) + -16 + 0
-8
What is the value of -14 + 1 - (99 + -111)?
-1
Evaluate 2 + -1 + (-6 - -2 - -2).
-1
Evaluate -7 + -1 + 133 + -122.
3
What is the value of -2 - (-6 + 5 + 1)?
-2
What is 24 + -3 + -7 + (-5 - 0)?
9
What is the value of 0 - (0 + 8 + -4)?
-4
Calculate 1 + -6 + -1 + 5.
-1
What is (5 - -1) + 4 - (-2 + 7)?
5
What is 11 - (21 - 10 - 3)?
3
-4 + -1 + 7 - (-1 + 6)
-3
What is -10 + 11 + (4 - (1 - -1))?
3
What is the value of (10 - 10) + (-1 - 0 - -3)?
2
(-3 - -21) + -17 + -1 + 1
1
What is 2 - (2 - (-2 - 0))?
-2
-8 + (-6 - 2) + 42 + -36
-10
What is the value of 3 + 5 + -23 + 8?
-7
Evaluate -9 - -21 - (7 + 0).
5
What is the value of 3 + -5 - (0 + -1 + 3)?
-4
Calculate -2 + -2 - (3 + (-1 - 3)).
-3
What is the value of (-2 - (7 - (0 - -1))) + 2?
-6
What is the value of 1 + (-13 - -12 - 0)?
0
-10 - (6 - 5 - 16)
5
Evaluate -37 + 31 - (-2 - 12).
8
-7 - (4 - (5 + 2))
-4
Calculate (20 + -22 - -8) + (6 - 1).
11
What is (5 - (6 + -7)) + -3?
3
What is 3 - (4 - (7 - 5))?
1
What is the value of -2 + (1 - (0 + 4 + -4))?
-1
Calculate -19 + 23 + -1 + 2 + -11.
-6
Calculate 0 + (-1 - -5) - (3 - -2).
-1
What is the value of -3 + (-9 - (8 - 21))?
1
What is (1 + 2 - 4) + 1 + 1?
1
What is 4 - (4 + 3 + (2 - 6))?
1
Calculate (-2 - (-4 + 3)) + -5.
-6
Evaluate (5 - (1 - 0)) + (-30 - -22).
-4
What is the value of 0 + -1 + 5 + -2 - 5?
-3
Calculate (-8 - -6) + 7 - -1.
6
What is 1 - (2 - 4) - -1?
4
What is the value of 3 + -1 + (-4 - -7)?
5
Calculate -5 + (-1 - (-10 + 6)).
-2
Evaluate 0 - (0 + -1) - 3 - 3.
-5
Calculate -20 + 25 - (3 - 3).
5
What is (-10 - -8) + (2 - -4)?
4
What is the value of (2 - (1 + 4)) + -2?
-5
What is 10 + (12 - (2 - -19))?
1
Calculate (7 - 3 - 0) + 1.
5
What is 0 + (3 - -3) - (3 - 3)?
6
What is 5 + 1 + -11 - -14?
9
Evaluate -8 + 16 + 1 - 14.
-5
What is the value of (-15 - -1) + 12 + -3?
-5
What is 0 + 11 + (-20 - -11)?
2
What is (2 - -2) + -13 + 2 + 0?
-7
What is 6 + 10 + -5 + -13?
-2
What is the value of -6 + (2 - (1 + -7))?
2
Evaluate 6 + (-20 - (0 + -5) - -4).
-5
Calculate 2 - (1 - 2) - (1 - -1).
1
Calculate -380 - -387 - (-1 - (0 - 3)).
5
Evaluate -1 + (0 - -1) + -52 + 51.
-1
Evaluate (-4 - -7 - 10) + 6 + -2.
-3
What is the value of -10 - -11 - -1 - -4?
6
Evaluate (-4 - -1) + -18 + 19.
-2
Evaluate -4 + (3 - (-5 + 8)) - 3.
-7
What is the value of 7 - 5 - -1 - -4?
7
Evaluate -8 + (1 - 0) + (-56 - -59).
-4
Evaluate -3 - 1 - (-7 + 3) - 4.
-4
Evaluate (-10 - -2) + (-7 - -11).
-4
What is 1 - (0 + 4 + -7 + -1)?
5
Evaluate -4 + (2 - -3) + -8 + 8.
1
Calculate 0 + -1 + 2 - (-1 + 2).
0
Evaluate (-6 - -2) + (-15 - -13).
-6
What is the value of -7 + 8 + (-2 - -5)?
4
What is the value of (16 + -5 - 5) + -6 + 8?
8
What is -7 - ((24 - 17) + (-11 - 1))?
-2
Evaluate 1 + -5 + 1 + 0 + 8.
5
Calculate 0 + 3 + 1 + -4 + 3.
3
What is the value of 3 + -1 + (-4 - (3 - 5))?
0
Evaluate 59 + -55 + (2 - 13).
-7
What is the value of -20 - (9 - (14 - -8))?
-7
What is the value of (-11 - -10 - -7) + -12?
-6
-10 + 2 - (-1 - (1 + 0))
-6
Evaluate 3 + (-5 - -5) + 0.
3
What is the value of (-9 - -8 - -1) + 0?
0
What is (22 - 20) + (0 - 1 - -3)?
4
Calculate -2 - 0 - (1 + -2 + -2).
1
Calculate (-5 - -1) + (-3 + 1 - -3).
-3
Evaluate (4 - -4) + -4 + (2 - 1).
5
-2 + -4 - -4 - 0 - 2
-4
What is (2 - -1) + (7 - 9 - 0)?
1
Evaluate 1 + -7 - (33 + -38).
-1
Calculate 0 + -3 + 5 + 3.
5
What is the value of 0 - (4 - (-3 + 3 + -1))?
-5
Evaluate 2 + 1 + -8 - -4.
-1
What is the value of (9 - (-4 - -8)) + 2?
7
Evaluate 1 + -1 - -7 - (-7 + 3).
11
What is 0 - ((2 - 3) + 1 + -3)?
3
Calculate -3 + 2 - ((0 - 11) + 16).
-6
Evaluate (-3 - (1 - 0) - 3) + 2.
-5
8 + -6 + 2 - (6 + 0)
-2
10 + (9 + -3 - 16)
0
-14 - (14 + -21) - -9
2
What is the value of 16 - 11 - 6 - -4?
3
-1 + 4 - (4 + -1)
0
Calculate -12 - (-13 - (5 - 3)).
3
What is the value of 5 + (4 - 0 - 11)?
-2
What is 2 + (2 - (2 + 2))?
0
Evaluate (6 - 6) + (-3 + 10 - 2).
5
What is the value of 0 + 1 + -1 + (-12 - -9)?
-3
What is (4 + -13 - -5) + 0?
-4
Evaluate -3 - (-5 - -1) - (17 - 18).
2
Calculate (21 - 25 - (0 + 2)) + 2.
-4
Calculate -1 + -3 + (11 + -5 - 6).
-4
Calculate (18 - 17) + -3 + -1.
-3
What is the value of 1 + (-9 - (0 - 4)) + 5?
1
7 - (4 - -3) - -4
4
8 + 10 + -20 + 2
0
What is the value of 0 + -2 + 3 - (0 - 4)?
5
Evaluate (1 + -4 - -4) + -5.
-4
Calculate -38 - -48 - (19 - 1).
-8
What is (0 - 0) + (7 - 3)?
4
Calculate -3 - (4 - 2 - 4) - 8.
-9
0 + (-13 - (-5 + -4))
-4
(-9 - 0 - -6) + (11 - -1)
9
8 - (-3 - -8)